{"id":1907,"date":"2022-04-04T19:19:00","date_gmt":"2022-04-04T19:19:00","guid":{"rendered":"https:\/\/parafiadlugakoscielna.pl\/?page_id=1907"},"modified":"2022-04-10T16:37:48","modified_gmt":"2022-04-10T16:37:48","slug":"zdjecia-naszego-kosciola","status":"publish","type":"page","link":"https:\/\/parafiadlugakoscielna.pl\/?page_id=1907","title":{"rendered":"Zdj\u0119cia naszego ko\u015bcio\u0142a &#8211; album"},"content":{"rendered":"\n<div class=\"wp-block-columns are-vertically-aligned-center is-layout-flex wp-container-core-columns-is-layout-9d6595d7 wp-block-columns-is-layout-flex\">\n<div class=\"wp-block-column is-vertically-aligned-center is-layout-flow wp-block-column-is-layout-flow\" style=\"flex-basis:33.33%\">\n<div class=\"wp-block-image\"><figure class=\"aligncenter size-large\"><img fetchpriority=\"high\" decoding=\"async\" width=\"1024\" height=\"675\" src=\"https:\/\/parafiadlugakoscielna.pl\/wp-content\/uploads\/2022\/03\/skan_73-1024x675.jpg\" alt=\"\" class=\"wp-image-1846\" srcset=\"https:\/\/parafiadlugakoscielna.pl\/wp-content\/uploads\/2022\/03\/skan_73-1024x675.jpg 1024w, https:\/\/parafiadlugakoscielna.pl\/wp-content\/uploads\/2022\/03\/skan_73-300x198.jpg 300w, https:\/\/parafiadlugakoscielna.pl\/wp-content\/uploads\/2022\/03\/skan_73-768x506.jpg 768w, https:\/\/parafiadlugakoscielna.pl\/wp-content\/uploads\/2022\/03\/skan_73-1536x1013.jpg 1536w, https:\/\/parafiadlugakoscielna.pl\/wp-content\/uploads\/2022\/03\/skan_73.jpg 1747w\" sizes=\"(max-width: 1024px) 100vw, 1024px\" \/><\/figure><\/div>\n<\/div>\n\n\n\n<div class=\"wp-block-column is-vertically-aligned-center is-layout-flow wp-block-column-is-layout-flow\" style=\"flex-basis:66.66%\">\n<p>Barokowa, drewniana \u015bwi\u0105tynia.<\/p>\n\n\n\n<div class=\"wp-block-buttons is-layout-flex wp-block-buttons-is-layout-flex\">\n<div class=\"wp-block-button has-custom-font-size is-style-outline has-small-font-size is-style-outline--1\"><a class=\"wp-block-button__link has-luminous-vivid-orange-color has-text-color\" href=\"https:\/\/parafiadlugakoscielna.pl\/?page_id=1928\">Zobacz zdj\u0119cia<\/a><\/div>\n<\/div>\n<\/div>\n<\/div>\n\n\n\n<div class=\"wp-block-columns are-vertically-aligned-center is-layout-flex wp-container-core-columns-is-layout-9d6595d7 wp-block-columns-is-layout-flex\">\n<div class=\"wp-block-column is-vertically-aligned-center is-layout-flow wp-block-column-is-layout-flow\" style=\"flex-basis:33.33%\">\n<div class=\"wp-block-image\"><figure class=\"aligncenter size-large is-resized\"><img decoding=\"async\" src=\"https:\/\/parafiadlugakoscielna.pl\/wp-content\/uploads\/2022\/03\/skan_07-698x1024.jpg\" alt=\"\" class=\"wp-image-1779\" width=\"175\" height=\"256\" srcset=\"https:\/\/parafiadlugakoscielna.pl\/wp-content\/uploads\/2022\/03\/skan_07-698x1024.jpg 698w, https:\/\/parafiadlugakoscielna.pl\/wp-content\/uploads\/2022\/03\/skan_07-204x300.jpg 204w, https:\/\/parafiadlugakoscielna.pl\/wp-content\/uploads\/2022\/03\/skan_07-768x1127.jpg 768w, https:\/\/parafiadlugakoscielna.pl\/wp-content\/uploads\/2022\/03\/skan_07.jpg 996w\" sizes=\"(max-width: 175px) 100vw, 175px\" \/><\/figure><\/div>\n<\/div>\n\n\n\n<div class=\"wp-block-column is-vertically-aligned-center is-layout-flow wp-block-column-is-layout-flow\" style=\"flex-basis:66.66%\">\n<p>Po\u017car ko\u015bcio\u0142a 9 wrze\u015bnia 2000<\/p>\n\n\n\n<div class=\"wp-block-buttons is-layout-flex wp-block-buttons-is-layout-flex\">\n<div class=\"wp-block-button has-custom-font-size is-style-outline has-small-font-size is-style-outline--2\"><a class=\"wp-block-button__link has-luminous-vivid-orange-color has-text-color\" href=\"https:\/\/parafiadlugakoscielna.pl\/?page_id=1982\">Zobacz zdj\u0119cia<\/a><\/div>\n<\/div>\n<\/div>\n<\/div>\n\n\n\n<div class=\"wp-block-columns are-vertically-aligned-center is-layout-flex wp-container-core-columns-is-layout-9d6595d7 wp-block-columns-is-layout-flex\">\n<div class=\"wp-block-column is-vertically-aligned-center is-layout-flow wp-block-column-is-layout-flow\" style=\"flex-basis:33.33%\">\n<div class=\"wp-block-image\"><figure class=\"aligncenter size-large\"><img decoding=\"async\" width=\"1024\" height=\"687\" src=\"https:\/\/parafiadlugakoscielna.pl\/wp-content\/uploads\/2022\/04\/IMG_0007-1024x687.jpg\" alt=\"\" class=\"wp-image-1992\" srcset=\"https:\/\/parafiadlugakoscielna.pl\/wp-content\/uploads\/2022\/04\/IMG_0007-1024x687.jpg 1024w, https:\/\/parafiadlugakoscielna.pl\/wp-content\/uploads\/2022\/04\/IMG_0007-300x201.jpg 300w, https:\/\/parafiadlugakoscielna.pl\/wp-content\/uploads\/2022\/04\/IMG_0007-768x515.jpg 768w, https:\/\/parafiadlugakoscielna.pl\/wp-content\/uploads\/2022\/04\/IMG_0007-1536x1030.jpg 1536w, https:\/\/parafiadlugakoscielna.pl\/wp-content\/uploads\/2022\/04\/IMG_0007.jpg 1725w\" sizes=\"(max-width: 1024px) 100vw, 1024px\" \/><\/figure><\/div>\n<\/div>\n\n\n\n<div class=\"wp-block-column is-vertically-aligned-center is-layout-flow wp-block-column-is-layout-flow\" style=\"flex-basis:66.66%\">\n<p>Budowa obecnej \u015bwi\u0105tyni<\/p>\n\n\n\n<div class=\"wp-block-buttons is-layout-flex wp-block-buttons-is-layout-flex\">\n<div class=\"wp-block-button has-custom-font-size is-style-outline has-small-font-size is-style-outline--3\"><a class=\"wp-block-button__link has-luminous-vivid-orange-color has-text-color\" href=\"https:\/\/parafiadlugakoscielna.pl\/?page_id=2095\">Zobacz zdj\u0119cia<\/a><\/div>\n<\/div>\n<\/div>\n<\/div>\n\n\n\n<div class=\"wp-block-columns are-vertically-aligned-center is-layout-flex wp-container-core-columns-is-layout-9d6595d7 wp-block-columns-is-layout-flex\">\n<div class=\"wp-block-column is-vertically-aligned-center is-layout-flow wp-block-column-is-layout-flow\" style=\"flex-basis:33.33%\">\n<div class=\"wp-block-image\"><figure class=\"aligncenter size-full\"><img loading=\"lazy\" decoding=\"async\" width=\"600\" height=\"400\" src=\"https:\/\/parafiadlugakoscielna.pl\/wp-content\/uploads\/2021\/02\/2012-09-10_zdjecie_15.jpg\" alt=\"\" class=\"wp-image-565\" srcset=\"https:\/\/parafiadlugakoscielna.pl\/wp-content\/uploads\/2021\/02\/2012-09-10_zdjecie_15.jpg 600w, https:\/\/parafiadlugakoscielna.pl\/wp-content\/uploads\/2021\/02\/2012-09-10_zdjecie_15-300x200.jpg 300w\" sizes=\"(max-width: 600px) 100vw, 600px\" \/><\/figure><\/div>\n<\/div>\n\n\n\n<div class=\"wp-block-column is-vertically-aligned-center is-layout-flow wp-block-column-is-layout-flow\" style=\"flex-basis:66.66%\">\n<p>Budowa organ\u00f3w (2012 rok)<\/p>\n\n\n\n<div class=\"wp-block-buttons is-layout-flex wp-block-buttons-is-layout-flex\">\n<div class=\"wp-block-button has-custom-font-size is-style-outline has-small-font-size is-style-outline--4\"><a class=\"wp-block-button__link has-luminous-vivid-orange-color has-text-color\" href=\"https:\/\/parafiadlugakoscielna.pl\/?page_id=1994\">Zobacz zdj\u0119cia<\/a><\/div>\n<\/div>\n<\/div>\n<\/div>\n\n\n\n<div class=\"wp-block-columns are-vertically-aligned-center is-layout-flex wp-container-core-columns-is-layout-9d6595d7 wp-block-columns-is-layout-flex\">\n<div class=\"wp-block-column is-vertically-aligned-center is-layout-flow wp-block-column-is-layout-flow\" style=\"flex-basis:33.33%\">\n<div class=\"wp-block-image\"><figure class=\"aligncenter size-large\"><img loading=\"lazy\" decoding=\"async\" width=\"1024\" height=\"576\" src=\"https:\/\/parafiadlugakoscielna.pl\/wp-content\/uploads\/2021\/02\/2021-02-14_1-1024x576.jpg\" alt=\"\" class=\"wp-image-601\" srcset=\"https:\/\/parafiadlugakoscielna.pl\/wp-content\/uploads\/2021\/02\/2021-02-14_1-1024x576.jpg 1024w, https:\/\/parafiadlugakoscielna.pl\/wp-content\/uploads\/2021\/02\/2021-02-14_1-300x169.jpg 300w, https:\/\/parafiadlugakoscielna.pl\/wp-content\/uploads\/2021\/02\/2021-02-14_1-768x432.jpg 768w, https:\/\/parafiadlugakoscielna.pl\/wp-content\/uploads\/2021\/02\/2021-02-14_1-1536x864.jpg 1536w, https:\/\/parafiadlugakoscielna.pl\/wp-content\/uploads\/2021\/02\/2021-02-14_1-2048x1152.jpg 2048w\" sizes=\"(max-width: 1024px) 100vw, 1024px\" \/><\/figure><\/div>\n<\/div>\n\n\n\n<div class=\"wp-block-column is-vertically-aligned-center is-layout-flow wp-block-column-is-layout-flow\" style=\"flex-basis:66.66%\">\n<p>Zdj\u0119cia 14-02-2021<\/p>\n\n\n\n<div class=\"wp-block-buttons is-layout-flex wp-block-buttons-is-layout-flex\">\n<div class=\"wp-block-button has-custom-font-size is-style-outline has-small-font-size is-style-outline--5\"><a class=\"wp-block-button__link has-luminous-vivid-orange-color has-text-color\" href=\"https:\/\/parafiadlugakoscielna.pl\/?page_id=2003\">Zobacz zdj\u0119cia<\/a><\/div>\n<\/div>\n<\/div>\n<\/div>\n\n\n\n<div class=\"wp-block-columns are-vertically-aligned-center is-layout-flex wp-container-core-columns-is-layout-9d6595d7 wp-block-columns-is-layout-flex\">\n<div class=\"wp-block-column is-vertically-aligned-center is-layout-flow wp-block-column-is-layout-flow\" style=\"flex-basis:33.33%\">\n<div class=\"wp-block-image\"><figure class=\"aligncenter size-full\"><img loading=\"lazy\" decoding=\"async\" width=\"1000\" height=\"562\" src=\"https:\/\/parafiadlugakoscielna.pl\/wp-content\/uploads\/2021\/05\/kosciol2.jpg\" alt=\"\" class=\"wp-image-1211\" srcset=\"https:\/\/parafiadlugakoscielna.pl\/wp-content\/uploads\/2021\/05\/kosciol2.jpg 1000w, https:\/\/parafiadlugakoscielna.pl\/wp-content\/uploads\/2021\/05\/kosciol2-300x169.jpg 300w, https:\/\/parafiadlugakoscielna.pl\/wp-content\/uploads\/2021\/05\/kosciol2-768x432.jpg 768w\" sizes=\"(max-width: 1000px) 100vw, 1000px\" \/><\/figure><\/div>\n<\/div>\n\n\n\n<div class=\"wp-block-column is-vertically-aligned-center is-layout-flow wp-block-column-is-layout-flow\" style=\"flex-basis:66.66%\">\n<p>Zdj\u0119cia 13-05-2021<\/p>\n\n\n\n<div class=\"wp-block-buttons is-layout-flex wp-block-buttons-is-layout-flex\">\n<div class=\"wp-block-button has-custom-font-size is-style-outline has-small-font-size is-style-outline--6\"><a class=\"wp-block-button__link has-luminous-vivid-orange-color has-text-color\" href=\"https:\/\/parafiadlugakoscielna.pl\/?page_id=2013\">Zobacz zdj\u0119cia<\/a><\/div>\n<\/div>\n<\/div>\n<\/div>\n","protected":false},"excerpt":{"rendered":"<p>Barokowa, drewniana \u015bwi\u0105tynia. Po\u017car ko\u015bcio\u0142a 9 wrze\u015bnia 2000 Budowa obecnej \u015bwi\u0105tyni Budowa organ\u00f3w (2012 rok) Zdj\u0119cia 14-02-2021 Zdj\u0119cia 13-05-2021<\/p>\n","protected":false},"author":1,"featured_media":0,"parent":0,"menu_order":0,"comment_status":"closed","ping_status":"closed","template":"","meta":{"ngg_post_thumbnail":0,"footnotes":""},"class_list":["post-1907","page","type-page","status-publish","hentry"],"_links":{"self":[{"href":"https:\/\/parafiadlugakoscielna.pl\/index.php?rest_route=\/wp\/v2\/pages\/1907","targetHints":{"allow":["GET"]}}],"collection":[{"href":"https:\/\/parafiadlugakoscielna.pl\/index.php?rest_route=\/wp\/v2\/pages"}],"about":[{"href":"https:\/\/parafiadlugakoscielna.pl\/index.php?rest_route=\/wp\/v2\/types\/page"}],"author":[{"embeddable":true,"href":"https:\/\/parafiadlugakoscielna.pl\/index.php?rest_route=\/wp\/v2\/users\/1"}],"replies":[{"embeddable":true,"href":"https:\/\/parafiadlugakoscielna.pl\/index.php?rest_route=%2Fwp%2Fv2%2Fcomments&post=1907"}],"version-history":[{"count":17,"href":"https:\/\/parafiadlugakoscielna.pl\/index.php?rest_route=\/wp\/v2\/pages\/1907\/revisions"}],"predecessor-version":[{"id":2262,"href":"https:\/\/parafiadlugakoscielna.pl\/index.php?rest_route=\/wp\/v2\/pages\/1907\/revisions\/2262"}],"wp:attachment":[{"href":"https:\/\/parafiadlugakoscielna.pl\/index.php?rest_route=%2Fwp%2Fv2%2Fmedia&parent=1907"}],"curies":[{"name":"wp","href":"https:\/\/api.w.org\/{rel}","templated":true}]}}