{"id":488,"date":"2021-01-10T13:37:03","date_gmt":"2021-01-10T13:37:03","guid":{"rendered":"https:\/\/parafiadlugakoscielna.pl\/?page_id=488"},"modified":"2021-01-10T13:40:26","modified_gmt":"2021-01-10T13:40:26","slug":"drewniany-kosciol","status":"publish","type":"page","link":"https:\/\/parafiadlugakoscielna.pl\/?page_id=488","title":{"rendered":"Drewniany ko\u015bci\u00f3\u0142"},"content":{"rendered":"\n<figure class=\"wp-block-gallery columns-1 is-cropped wp-block-gallery-1 is-layout-flex wp-block-gallery-is-layout-flex\"><ul class=\"blocks-gallery-grid\"><li class=\"blocks-gallery-item\"><figure><img fetchpriority=\"high\" decoding=\"async\" width=\"944\" height=\"695\" src=\"https:\/\/parafiadlugakoscielna.pl\/wp-content\/uploads\/2021\/01\/drewniany_kosciol_003.jpg\" alt=\"\" data-id=\"486\" data-link=\"https:\/\/parafiadlugakoscielna.pl\/?attachment_id=486\" class=\"wp-image-486\" srcset=\"https:\/\/parafiadlugakoscielna.pl\/wp-content\/uploads\/2021\/01\/drewniany_kosciol_003.jpg 944w, https:\/\/parafiadlugakoscielna.pl\/wp-content\/uploads\/2021\/01\/drewniany_kosciol_003-300x221.jpg 300w, https:\/\/parafiadlugakoscielna.pl\/wp-content\/uploads\/2021\/01\/drewniany_kosciol_003-768x565.jpg 768w\" sizes=\"(max-width: 944px) 100vw, 944px\" \/><\/figure><\/li><li class=\"blocks-gallery-item\"><figure><img decoding=\"async\" width=\"848\" height=\"1024\" src=\"https:\/\/parafiadlugakoscielna.pl\/wp-content\/uploads\/2021\/01\/drewniany_kosciol_002-848x1024.jpg\" alt=\"\" data-id=\"485\" data-link=\"https:\/\/parafiadlugakoscielna.pl\/?attachment_id=485\" class=\"wp-image-485\" srcset=\"https:\/\/parafiadlugakoscielna.pl\/wp-content\/uploads\/2021\/01\/drewniany_kosciol_002-848x1024.jpg 848w, https:\/\/parafiadlugakoscielna.pl\/wp-content\/uploads\/2021\/01\/drewniany_kosciol_002-249x300.jpg 249w, https:\/\/parafiadlugakoscielna.pl\/wp-content\/uploads\/2021\/01\/drewniany_kosciol_002-768x927.jpg 768w, https:\/\/parafiadlugakoscielna.pl\/wp-content\/uploads\/2021\/01\/drewniany_kosciol_002.jpg 1087w\" sizes=\"(max-width: 848px) 100vw, 848px\" \/><\/figure><\/li><li class=\"blocks-gallery-item\"><figure><img decoding=\"async\" width=\"1024\" height=\"673\" src=\"https:\/\/parafiadlugakoscielna.pl\/wp-content\/uploads\/2021\/01\/drewniany_kosciol_001-1024x673.jpg\" alt=\"\" data-id=\"484\" data-link=\"https:\/\/parafiadlugakoscielna.pl\/?attachment_id=484\" class=\"wp-image-484\" srcset=\"https:\/\/parafiadlugakoscielna.pl\/wp-content\/uploads\/2021\/01\/drewniany_kosciol_001-1024x673.jpg 1024w, https:\/\/parafiadlugakoscielna.pl\/wp-content\/uploads\/2021\/01\/drewniany_kosciol_001-300x197.jpg 300w, https:\/\/parafiadlugakoscielna.pl\/wp-content\/uploads\/2021\/01\/drewniany_kosciol_001-768x505.jpg 768w, https:\/\/parafiadlugakoscielna.pl\/wp-content\/uploads\/2021\/01\/drewniany_kosciol_001.jpg 1153w\" sizes=\"(max-width: 1024px) 100vw, 1024px\" \/><\/figure><\/li><li class=\"blocks-gallery-item\"><figure><img loading=\"lazy\" decoding=\"async\" width=\"774\" height=\"918\" src=\"https:\/\/parafiadlugakoscielna.pl\/wp-content\/uploads\/2021\/01\/drewniany_kosciol_004-1.jpg\" alt=\"\" data-id=\"492\" data-full-url=\"https:\/\/parafiadlugakoscielna.pl\/wp-content\/uploads\/2021\/01\/drewniany_kosciol_004-1.jpg\" data-link=\"https:\/\/parafiadlugakoscielna.pl\/?attachment_id=492\" class=\"wp-image-492\" srcset=\"https:\/\/parafiadlugakoscielna.pl\/wp-content\/uploads\/2021\/01\/drewniany_kosciol_004-1.jpg 774w, https:\/\/parafiadlugakoscielna.pl\/wp-content\/uploads\/2021\/01\/drewniany_kosciol_004-1-253x300.jpg 253w, https:\/\/parafiadlugakoscielna.pl\/wp-content\/uploads\/2021\/01\/drewniany_kosciol_004-1-768x911.jpg 768w\" sizes=\"(max-width: 774px) 100vw, 774px\" \/><\/figure><\/li><\/ul><\/figure>\n","protected":false},"excerpt":{"rendered":"","protected":false},"author":1,"featured_media":0,"parent":0,"menu_order":0,"comment_status":"closed","ping_status":"closed","template":"","meta":{"ngg_post_thumbnail":0,"footnotes":""},"class_list":["post-488","page","type-page","status-publish","hentry"],"_links":{"self":[{"href":"https:\/\/parafiadlugakoscielna.pl\/index.php?rest_route=\/wp\/v2\/pages\/488","targetHints":{"allow":["GET"]}}],"collection":[{"href":"https:\/\/parafiadlugakoscielna.pl\/index.php?rest_route=\/wp\/v2\/pages"}],"about":[{"href":"https:\/\/parafiadlugakoscielna.pl\/index.php?rest_route=\/wp\/v2\/types\/page"}],"author":[{"embeddable":true,"href":"https:\/\/parafiadlugakoscielna.pl\/index.php?rest_route=\/wp\/v2\/users\/1"}],"replies":[{"embeddable":true,"href":"https:\/\/parafiadlugakoscielna.pl\/index.php?rest_route=%2Fwp%2Fv2%2Fcomments&post=488"}],"version-history":[{"count":3,"href":"https:\/\/parafiadlugakoscielna.pl\/index.php?rest_route=\/wp\/v2\/pages\/488\/revisions"}],"predecessor-version":[{"id":493,"href":"https:\/\/parafiadlugakoscielna.pl\/index.php?rest_route=\/wp\/v2\/pages\/488\/revisions\/493"}],"wp:attachment":[{"href":"https:\/\/parafiadlugakoscielna.pl\/index.php?rest_route=%2Fwp%2Fv2%2Fmedia&parent=488"}],"curies":[{"name":"wp","href":"https:\/\/api.w.org\/{rel}","templated":true}]}}

Drewniany kościół
