{"id":72,"date":"2020-09-27T21:53:00","date_gmt":"2020-09-27T21:53:00","guid":{"rendered":"http:\/\/parafiadlugakoscielna.pl\/?page_id=72"},"modified":"2020-11-22T20:56:55","modified_gmt":"2020-11-22T20:56:55","slug":"misje-parafialne-2020","status":"publish","type":"page","link":"https:\/\/parafiadlugakoscielna.pl\/?page_id=72","title":{"rendered":"Misje parafialne 2020"},"content":{"rendered":"\n<p class=\"has-text-align-center has-medium-font-size\"><strong>20-27 wrze\u015bnia 2020<\/strong><\/p>\n\n\n\n<p><strong>Drodzy Parafianie!<\/strong><\/p>\n\n\n\n<p>W tym roku obchodzimy 575. rocznic\u0119 erygowania, czyli powstania, naszej Parafii.<br>To pi\u0119kny Jubileusz, a przede wszystkim pow\u00f3d do wdzi\u0119czno\u015bci Panu Bogu za Jego niezmierzon\u0105 mi\u0142o\u015b\u0107, dobro\u0107 i opiek\u0119 nad nami.<br>My\u015blami mo\u017cemy ogarn\u0105\u0107, jak wiele os\u00f3b w naszej Parafii otrzyma\u0142o \u0142ask\u0119 wiary w Sakramencie Chrztu \u015awi\u0119tego, a nast\u0119pnie pog\u0142\u0119bia\u0142o t\u0119 wiar\u0119, przyst\u0119puj\u0105c do kolejnych Sakrament\u00f3w.<\/p>\n\n\n\n<p>Jednak nasza wiara potrzebuje ci\u0105g\u0142ego odnawiania i pog\u0142\u0119biania.<br>Pro\u015bba uczni\u00f3w Chrystusa: Panie, przymn\u00f3\u017c nam wiary (\u0141k 17, 5) staje si\u0119 nasz\u0105 modlitw\u0105. W spos\u00f3b szczeg\u00f3lny do\u015bwiadczamy tego w obecnych czasach.<br>Epidemia koronawirusa, walka z Ko\u015bcio\u0142em, niespokojna sytuacja mi\u0119dzynarodowa na \u015bwiecie wystawiaj\u0105 nasz\u0105 wiar\u0119 na pr\u00f3b\u0119 i stawiaj\u0105 pytanie o miejsce Boga w naszym \u017cyciu.<\/p>\n\n\n\n<p>Jestem przekonany, \u017ce teraz jak nigdy wcze\u015bniej musimy zatrzyma\u0107 si\u0119 i us\u0142ysze\u0107 na nowo s\u0142owo Boga.<br>Dlatego serdecznie zapraszam na Parafialne Misje \u015awi\u0119te.<br>Bogaty program duchowy pozwoli na nowo odkry\u0107 osob\u0119 Jezus Chrystusa, kt\u00f3ry jest zawsze blisko i kocha ka\u017cdego z nas.<\/p>\n\n\n\n<p>Kard. Stefan Wyszy\u0144ski powiedzia\u0142: Czas to mi\u0142o\u015b\u0107. Niech w trakcie Misji \u015awi\u0119tych tej mi\u0142o\u015bci nie zabraknie dla Pana Boga.<\/p>\n\n\n\n<p>Wasz Proboszcz<br>Ks. Jan Ruci\u0144ski<\/p>\n\n\n\n<div class=\"wp-block-file\"><a href=\"http:\/\/parafiadlugakoscielna.pl\/wp-content\/uploads\/2020\/11\/MISJE_PARAFIALNE_2020.pdf\">Plan Misji &#8211; broszura<\/a><a href=\"http:\/\/parafiadlugakoscielna.pl\/wp-content\/uploads\/2020\/11\/MISJE_PARAFIALNE_2020.pdf\" class=\"wp-block-file__button\" download>Pobierz<\/a><\/div>\n\n\n\n<p><strong>Poni\u017cej zdj\u0119cia z Misji &#8211; autorem zdj\u0119\u0107 jest Piotr Rybicki.<\/strong><\/p>\n\n\n\n<figure class=\"wp-block-gallery columns-1 is-cropped wp-block-gallery-1 is-layout-flex wp-block-gallery-is-layout-flex\"><ul class=\"blocks-gallery-grid\"><li class=\"blocks-gallery-item\"><figure><img fetchpriority=\"high\" decoding=\"async\" width=\"1024\" height=\"682\" src=\"http:\/\/parafiadlugakoscielna.pl\/wp-content\/uploads\/2020\/11\/MG_7346-fot-Piotr-Rybicki-1024x682.jpg\" alt=\"\" data-id=\"144\" data-full-url=\"http:\/\/parafiadlugakoscielna.pl\/wp-content\/uploads\/2020\/11\/MG_7346-fot-Piotr-Rybicki.jpg\" data-link=\"http:\/\/parafiadlugakoscielna.pl\/?attachment_id=144\" class=\"wp-image-144\" srcset=\"https:\/\/parafiadlugakoscielna.pl\/wp-content\/uploads\/2020\/11\/MG_7346-fot-Piotr-Rybicki-1024x682.jpg 1024w, https:\/\/parafiadlugakoscielna.pl\/wp-content\/uploads\/2020\/11\/MG_7346-fot-Piotr-Rybicki-300x200.jpg 300w, https:\/\/parafiadlugakoscielna.pl\/wp-content\/uploads\/2020\/11\/MG_7346-fot-Piotr-Rybicki-768x512.jpg 768w, https:\/\/parafiadlugakoscielna.pl\/wp-content\/uploads\/2020\/11\/MG_7346-fot-Piotr-Rybicki-1536x1024.jpg 1536w, https:\/\/parafiadlugakoscielna.pl\/wp-content\/uploads\/2020\/11\/MG_7346-fot-Piotr-Rybicki.jpg 1772w\" sizes=\"(max-width: 1024px) 100vw, 1024px\" \/><\/figure><\/li><li class=\"blocks-gallery-item\"><figure><img decoding=\"async\" width=\"1024\" height=\"682\" src=\"http:\/\/parafiadlugakoscielna.pl\/wp-content\/uploads\/2020\/11\/MG_7347-fot-Piotr-Rybicki-1024x682.jpg\" alt=\"\" data-id=\"145\" data-full-url=\"http:\/\/parafiadlugakoscielna.pl\/wp-content\/uploads\/2020\/11\/MG_7347-fot-Piotr-Rybicki.jpg\" data-link=\"http:\/\/parafiadlugakoscielna.pl\/?attachment_id=145\" class=\"wp-image-145\" srcset=\"https:\/\/parafiadlugakoscielna.pl\/wp-content\/uploads\/2020\/11\/MG_7347-fot-Piotr-Rybicki-1024x682.jpg 1024w, https:\/\/parafiadlugakoscielna.pl\/wp-content\/uploads\/2020\/11\/MG_7347-fot-Piotr-Rybicki-300x200.jpg 300w, https:\/\/parafiadlugakoscielna.pl\/wp-content\/uploads\/2020\/11\/MG_7347-fot-Piotr-Rybicki-768x512.jpg 768w, https:\/\/parafiadlugakoscielna.pl\/wp-content\/uploads\/2020\/11\/MG_7347-fot-Piotr-Rybicki-1536x1024.jpg 1536w, https:\/\/parafiadlugakoscielna.pl\/wp-content\/uploads\/2020\/11\/MG_7347-fot-Piotr-Rybicki.jpg 1772w\" sizes=\"(max-width: 1024px) 100vw, 1024px\" \/><\/figure><\/li><li class=\"blocks-gallery-item\"><figure><img decoding=\"async\" width=\"1024\" height=\"682\" src=\"http:\/\/parafiadlugakoscielna.pl\/wp-content\/uploads\/2020\/11\/MG_7348-fot-Piotr-Rybicki-1024x682.jpg\" alt=\"\" data-id=\"146\" data-full-url=\"http:\/\/parafiadlugakoscielna.pl\/wp-content\/uploads\/2020\/11\/MG_7348-fot-Piotr-Rybicki.jpg\" data-link=\"http:\/\/parafiadlugakoscielna.pl\/?attachment_id=146\" class=\"wp-image-146\" srcset=\"https:\/\/parafiadlugakoscielna.pl\/wp-content\/uploads\/2020\/11\/MG_7348-fot-Piotr-Rybicki-1024x682.jpg 1024w, https:\/\/parafiadlugakoscielna.pl\/wp-content\/uploads\/2020\/11\/MG_7348-fot-Piotr-Rybicki-300x200.jpg 300w, https:\/\/parafiadlugakoscielna.pl\/wp-content\/uploads\/2020\/11\/MG_7348-fot-Piotr-Rybicki-768x512.jpg 768w, https:\/\/parafiadlugakoscielna.pl\/wp-content\/uploads\/2020\/11\/MG_7348-fot-Piotr-Rybicki-1536x1024.jpg 1536w, https:\/\/parafiadlugakoscielna.pl\/wp-content\/uploads\/2020\/11\/MG_7348-fot-Piotr-Rybicki.jpg 1772w\" sizes=\"(max-width: 1024px) 100vw, 1024px\" \/><\/figure><\/li><li class=\"blocks-gallery-item\"><figure><img loading=\"lazy\" decoding=\"async\" width=\"1024\" height=\"682\" src=\"http:\/\/parafiadlugakoscielna.pl\/wp-content\/uploads\/2020\/11\/MG_7358-fot-Piotr-Rybicki-1024x682.jpg\" alt=\"\" data-id=\"147\" data-full-url=\"http:\/\/parafiadlugakoscielna.pl\/wp-content\/uploads\/2020\/11\/MG_7358-fot-Piotr-Rybicki.jpg\" data-link=\"http:\/\/parafiadlugakoscielna.pl\/?attachment_id=147\" class=\"wp-image-147\" srcset=\"https:\/\/parafiadlugakoscielna.pl\/wp-content\/uploads\/2020\/11\/MG_7358-fot-Piotr-Rybicki-1024x682.jpg 1024w, https:\/\/parafiadlugakoscielna.pl\/wp-content\/uploads\/2020\/11\/MG_7358-fot-Piotr-Rybicki-300x200.jpg 300w, https:\/\/parafiadlugakoscielna.pl\/wp-content\/uploads\/2020\/11\/MG_7358-fot-Piotr-Rybicki-768x512.jpg 768w, https:\/\/parafiadlugakoscielna.pl\/wp-content\/uploads\/2020\/11\/MG_7358-fot-Piotr-Rybicki-1536x1024.jpg 1536w, https:\/\/parafiadlugakoscielna.pl\/wp-content\/uploads\/2020\/11\/MG_7358-fot-Piotr-Rybicki.jpg 1772w\" sizes=\"(max-width: 1024px) 100vw, 1024px\" \/><\/figure><\/li><li class=\"blocks-gallery-item\"><figure><img loading=\"lazy\" decoding=\"async\" width=\"1024\" height=\"682\" src=\"http:\/\/parafiadlugakoscielna.pl\/wp-content\/uploads\/2020\/11\/MG_7359-fot-Piotr-Rybicki-1024x682.jpg\" alt=\"\" data-id=\"148\" data-full-url=\"http:\/\/parafiadlugakoscielna.pl\/wp-content\/uploads\/2020\/11\/MG_7359-fot-Piotr-Rybicki.jpg\" data-link=\"http:\/\/parafiadlugakoscielna.pl\/?attachment_id=148\" class=\"wp-image-148\" srcset=\"https:\/\/parafiadlugakoscielna.pl\/wp-content\/uploads\/2020\/11\/MG_7359-fot-Piotr-Rybicki-1024x682.jpg 1024w, https:\/\/parafiadlugakoscielna.pl\/wp-content\/uploads\/2020\/11\/MG_7359-fot-Piotr-Rybicki-300x200.jpg 300w, https:\/\/parafiadlugakoscielna.pl\/wp-content\/uploads\/2020\/11\/MG_7359-fot-Piotr-Rybicki-768x512.jpg 768w, https:\/\/parafiadlugakoscielna.pl\/wp-content\/uploads\/2020\/11\/MG_7359-fot-Piotr-Rybicki-1536x1024.jpg 1536w, https:\/\/parafiadlugakoscielna.pl\/wp-content\/uploads\/2020\/11\/MG_7359-fot-Piotr-Rybicki.jpg 1772w\" sizes=\"(max-width: 1024px) 100vw, 1024px\" \/><\/figure><\/li><li class=\"blocks-gallery-item\"><figure><img loading=\"lazy\" decoding=\"async\" width=\"1024\" height=\"682\" src=\"http:\/\/parafiadlugakoscielna.pl\/wp-content\/uploads\/2020\/11\/MG_7366-fot-Piotr-Rybicki-1024x682.jpg\" alt=\"\" data-id=\"149\" data-full-url=\"http:\/\/parafiadlugakoscielna.pl\/wp-content\/uploads\/2020\/11\/MG_7366-fot-Piotr-Rybicki.jpg\" data-link=\"http:\/\/parafiadlugakoscielna.pl\/?attachment_id=149\" class=\"wp-image-149\" srcset=\"https:\/\/parafiadlugakoscielna.pl\/wp-content\/uploads\/2020\/11\/MG_7366-fot-Piotr-Rybicki-1024x682.jpg 1024w, https:\/\/parafiadlugakoscielna.pl\/wp-content\/uploads\/2020\/11\/MG_7366-fot-Piotr-Rybicki-300x200.jpg 300w, https:\/\/parafiadlugakoscielna.pl\/wp-content\/uploads\/2020\/11\/MG_7366-fot-Piotr-Rybicki-768x512.jpg 768w, https:\/\/parafiadlugakoscielna.pl\/wp-content\/uploads\/2020\/11\/MG_7366-fot-Piotr-Rybicki-1536x1024.jpg 1536w, https:\/\/parafiadlugakoscielna.pl\/wp-content\/uploads\/2020\/11\/MG_7366-fot-Piotr-Rybicki.jpg 1772w\" sizes=\"(max-width: 1024px) 100vw, 1024px\" \/><\/figure><\/li><li class=\"blocks-gallery-item\"><figure><img loading=\"lazy\" decoding=\"async\" width=\"1024\" height=\"682\" src=\"http:\/\/parafiadlugakoscielna.pl\/wp-content\/uploads\/2020\/11\/MG_7367-fot-Piotr-Rybicki-1024x682.jpg\" alt=\"\" data-id=\"150\" data-full-url=\"http:\/\/parafiadlugakoscielna.pl\/wp-content\/uploads\/2020\/11\/MG_7367-fot-Piotr-Rybicki.jpg\" data-link=\"http:\/\/parafiadlugakoscielna.pl\/?attachment_id=150\" class=\"wp-image-150\" srcset=\"https:\/\/parafiadlugakoscielna.pl\/wp-content\/uploads\/2020\/11\/MG_7367-fot-Piotr-Rybicki-1024x682.jpg 1024w, https:\/\/parafiadlugakoscielna.pl\/wp-content\/uploads\/2020\/11\/MG_7367-fot-Piotr-Rybicki-300x200.jpg 300w, https:\/\/parafiadlugakoscielna.pl\/wp-content\/uploads\/2020\/11\/MG_7367-fot-Piotr-Rybicki-768x512.jpg 768w, https:\/\/parafiadlugakoscielna.pl\/wp-content\/uploads\/2020\/11\/MG_7367-fot-Piotr-Rybicki-1536x1024.jpg 1536w, https:\/\/parafiadlugakoscielna.pl\/wp-content\/uploads\/2020\/11\/MG_7367-fot-Piotr-Rybicki.jpg 1772w\" sizes=\"(max-width: 1024px) 100vw, 1024px\" \/><\/figure><\/li><li class=\"blocks-gallery-item\"><figure><img loading=\"lazy\" decoding=\"async\" width=\"1024\" height=\"682\" src=\"http:\/\/parafiadlugakoscielna.pl\/wp-content\/uploads\/2020\/11\/MG_7370-fot-Piotr-Rybicki-1024x682.jpg\" alt=\"\" data-id=\"151\" data-full-url=\"http:\/\/parafiadlugakoscielna.pl\/wp-content\/uploads\/2020\/11\/MG_7370-fot-Piotr-Rybicki.jpg\" data-link=\"http:\/\/parafiadlugakoscielna.pl\/?attachment_id=151\" class=\"wp-image-151\" srcset=\"https:\/\/parafiadlugakoscielna.pl\/wp-content\/uploads\/2020\/11\/MG_7370-fot-Piotr-Rybicki-1024x682.jpg 1024w, https:\/\/parafiadlugakoscielna.pl\/wp-content\/uploads\/2020\/11\/MG_7370-fot-Piotr-Rybicki-300x200.jpg 300w, https:\/\/parafiadlugakoscielna.pl\/wp-content\/uploads\/2020\/11\/MG_7370-fot-Piotr-Rybicki-768x512.jpg 768w, https:\/\/parafiadlugakoscielna.pl\/wp-content\/uploads\/2020\/11\/MG_7370-fot-Piotr-Rybicki-1536x1024.jpg 1536w, https:\/\/parafiadlugakoscielna.pl\/wp-content\/uploads\/2020\/11\/MG_7370-fot-Piotr-Rybicki.jpg 1772w\" sizes=\"(max-width: 1024px) 100vw, 1024px\" \/><\/figure><\/li><li class=\"blocks-gallery-item\"><figure><img loading=\"lazy\" decoding=\"async\" width=\"1024\" height=\"682\" src=\"http:\/\/parafiadlugakoscielna.pl\/wp-content\/uploads\/2020\/11\/MG_7380-fot-Piotr-Rybicki-1024x682.jpg\" alt=\"\" data-id=\"152\" data-full-url=\"http:\/\/parafiadlugakoscielna.pl\/wp-content\/uploads\/2020\/11\/MG_7380-fot-Piotr-Rybicki.jpg\" data-link=\"http:\/\/parafiadlugakoscielna.pl\/?attachment_id=152\" class=\"wp-image-152\" srcset=\"https:\/\/parafiadlugakoscielna.pl\/wp-content\/uploads\/2020\/11\/MG_7380-fot-Piotr-Rybicki-1024x682.jpg 1024w, https:\/\/parafiadlugakoscielna.pl\/wp-content\/uploads\/2020\/11\/MG_7380-fot-Piotr-Rybicki-300x200.jpg 300w, https:\/\/parafiadlugakoscielna.pl\/wp-content\/uploads\/2020\/11\/MG_7380-fot-Piotr-Rybicki-768x512.jpg 768w, https:\/\/parafiadlugakoscielna.pl\/wp-content\/uploads\/2020\/11\/MG_7380-fot-Piotr-Rybicki-1536x1024.jpg 1536w, https:\/\/parafiadlugakoscielna.pl\/wp-content\/uploads\/2020\/11\/MG_7380-fot-Piotr-Rybicki.jpg 1772w\" sizes=\"(max-width: 1024px) 100vw, 1024px\" \/><\/figure><\/li><li class=\"blocks-gallery-item\"><figure><img loading=\"lazy\" decoding=\"async\" width=\"1024\" height=\"682\" src=\"http:\/\/parafiadlugakoscielna.pl\/wp-content\/uploads\/2020\/11\/MG_7409-fot-Piotr-Rybicki-1024x682.jpg\" alt=\"\" data-id=\"153\" data-full-url=\"http:\/\/parafiadlugakoscielna.pl\/wp-content\/uploads\/2020\/11\/MG_7409-fot-Piotr-Rybicki.jpg\" data-link=\"http:\/\/parafiadlugakoscielna.pl\/?attachment_id=153\" class=\"wp-image-153\" srcset=\"https:\/\/parafiadlugakoscielna.pl\/wp-content\/uploads\/2020\/11\/MG_7409-fot-Piotr-Rybicki-1024x682.jpg 1024w, https:\/\/parafiadlugakoscielna.pl\/wp-content\/uploads\/2020\/11\/MG_7409-fot-Piotr-Rybicki-300x200.jpg 300w, https:\/\/parafiadlugakoscielna.pl\/wp-content\/uploads\/2020\/11\/MG_7409-fot-Piotr-Rybicki-768x512.jpg 768w, https:\/\/parafiadlugakoscielna.pl\/wp-content\/uploads\/2020\/11\/MG_7409-fot-Piotr-Rybicki-1536x1024.jpg 1536w, https:\/\/parafiadlugakoscielna.pl\/wp-content\/uploads\/2020\/11\/MG_7409-fot-Piotr-Rybicki.jpg 1772w\" sizes=\"(max-width: 1024px) 100vw, 1024px\" \/><\/figure><\/li><li class=\"blocks-gallery-item\"><figure><img loading=\"lazy\" decoding=\"async\" width=\"1024\" height=\"682\" src=\"http:\/\/parafiadlugakoscielna.pl\/wp-content\/uploads\/2020\/11\/MG_7411-fot-Piotr-Rybicki-1024x682.jpg\" alt=\"\" data-id=\"155\" data-full-url=\"http:\/\/parafiadlugakoscielna.pl\/wp-content\/uploads\/2020\/11\/MG_7411-fot-Piotr-Rybicki.jpg\" data-link=\"http:\/\/parafiadlugakoscielna.pl\/?attachment_id=155\" class=\"wp-image-155\" srcset=\"https:\/\/parafiadlugakoscielna.pl\/wp-content\/uploads\/2020\/11\/MG_7411-fot-Piotr-Rybicki-1024x682.jpg 1024w, https:\/\/parafiadlugakoscielna.pl\/wp-content\/uploads\/2020\/11\/MG_7411-fot-Piotr-Rybicki-300x200.jpg 300w, https:\/\/parafiadlugakoscielna.pl\/wp-content\/uploads\/2020\/11\/MG_7411-fot-Piotr-Rybicki-768x512.jpg 768w, https:\/\/parafiadlugakoscielna.pl\/wp-content\/uploads\/2020\/11\/MG_7411-fot-Piotr-Rybicki-1536x1024.jpg 1536w, https:\/\/parafiadlugakoscielna.pl\/wp-content\/uploads\/2020\/11\/MG_7411-fot-Piotr-Rybicki.jpg 1772w\" sizes=\"(max-width: 1024px) 100vw, 1024px\" \/><\/figure><\/li><li class=\"blocks-gallery-item\"><figure><img loading=\"lazy\" decoding=\"async\" width=\"1024\" height=\"682\" src=\"http:\/\/parafiadlugakoscielna.pl\/wp-content\/uploads\/2020\/11\/MG_7416-fot-Piotr-Rybicki-1024x682.jpg\" alt=\"\" data-id=\"156\" data-full-url=\"http:\/\/parafiadlugakoscielna.pl\/wp-content\/uploads\/2020\/11\/MG_7416-fot-Piotr-Rybicki.jpg\" data-link=\"http:\/\/parafiadlugakoscielna.pl\/?attachment_id=156\" class=\"wp-image-156\" srcset=\"https:\/\/parafiadlugakoscielna.pl\/wp-content\/uploads\/2020\/11\/MG_7416-fot-Piotr-Rybicki-1024x682.jpg 1024w, https:\/\/parafiadlugakoscielna.pl\/wp-content\/uploads\/2020\/11\/MG_7416-fot-Piotr-Rybicki-300x200.jpg 300w, https:\/\/parafiadlugakoscielna.pl\/wp-content\/uploads\/2020\/11\/MG_7416-fot-Piotr-Rybicki-768x512.jpg 768w, https:\/\/parafiadlugakoscielna.pl\/wp-content\/uploads\/2020\/11\/MG_7416-fot-Piotr-Rybicki-1536x1024.jpg 1536w, https:\/\/parafiadlugakoscielna.pl\/wp-content\/uploads\/2020\/11\/MG_7416-fot-Piotr-Rybicki.jpg 1772w\" sizes=\"(max-width: 1024px) 100vw, 1024px\" \/><\/figure><\/li><li class=\"blocks-gallery-item\"><figure><img loading=\"lazy\" decoding=\"async\" width=\"1024\" height=\"682\" src=\"http:\/\/parafiadlugakoscielna.pl\/wp-content\/uploads\/2020\/11\/MG_7430-fot-Piotr-Rybicki-1024x682.jpg\" alt=\"\" data-id=\"157\" data-full-url=\"http:\/\/parafiadlugakoscielna.pl\/wp-content\/uploads\/2020\/11\/MG_7430-fot-Piotr-Rybicki.jpg\" data-link=\"http:\/\/parafiadlugakoscielna.pl\/?attachment_id=157\" class=\"wp-image-157\" srcset=\"https:\/\/parafiadlugakoscielna.pl\/wp-content\/uploads\/2020\/11\/MG_7430-fot-Piotr-Rybicki-1024x682.jpg 1024w, https:\/\/parafiadlugakoscielna.pl\/wp-content\/uploads\/2020\/11\/MG_7430-fot-Piotr-Rybicki-300x200.jpg 300w, https:\/\/parafiadlugakoscielna.pl\/wp-content\/uploads\/2020\/11\/MG_7430-fot-Piotr-Rybicki-768x512.jpg 768w, https:\/\/parafiadlugakoscielna.pl\/wp-content\/uploads\/2020\/11\/MG_7430-fot-Piotr-Rybicki-1536x1024.jpg 1536w, https:\/\/parafiadlugakoscielna.pl\/wp-content\/uploads\/2020\/11\/MG_7430-fot-Piotr-Rybicki.jpg 1772w\" sizes=\"(max-width: 1024px) 100vw, 1024px\" \/><\/figure><\/li><li class=\"blocks-gallery-item\"><figure><img loading=\"lazy\" decoding=\"async\" width=\"1024\" height=\"682\" src=\"http:\/\/parafiadlugakoscielna.pl\/wp-content\/uploads\/2020\/11\/MG_7431-fot-Piotr-Rybicki-1024x682.jpg\" alt=\"\" data-id=\"158\" data-full-url=\"http:\/\/parafiadlugakoscielna.pl\/wp-content\/uploads\/2020\/11\/MG_7431-fot-Piotr-Rybicki.jpg\" data-link=\"http:\/\/parafiadlugakoscielna.pl\/?attachment_id=158\" class=\"wp-image-158\" srcset=\"https:\/\/parafiadlugakoscielna.pl\/wp-content\/uploads\/2020\/11\/MG_7431-fot-Piotr-Rybicki-1024x682.jpg 1024w, https:\/\/parafiadlugakoscielna.pl\/wp-content\/uploads\/2020\/11\/MG_7431-fot-Piotr-Rybicki-300x200.jpg 300w, https:\/\/parafiadlugakoscielna.pl\/wp-content\/uploads\/2020\/11\/MG_7431-fot-Piotr-Rybicki-768x512.jpg 768w, https:\/\/parafiadlugakoscielna.pl\/wp-content\/uploads\/2020\/11\/MG_7431-fot-Piotr-Rybicki-1536x1024.jpg 1536w, https:\/\/parafiadlugakoscielna.pl\/wp-content\/uploads\/2020\/11\/MG_7431-fot-Piotr-Rybicki.jpg 1772w\" sizes=\"(max-width: 1024px) 100vw, 1024px\" \/><\/figure><\/li><li class=\"blocks-gallery-item\"><figure><img loading=\"lazy\" decoding=\"async\" width=\"1024\" height=\"682\" src=\"http:\/\/parafiadlugakoscielna.pl\/wp-content\/uploads\/2020\/11\/MG_7436-fot-Piotr-Rybicki-1024x682.jpg\" alt=\"\" data-id=\"159\" data-full-url=\"http:\/\/parafiadlugakoscielna.pl\/wp-content\/uploads\/2020\/11\/MG_7436-fot-Piotr-Rybicki.jpg\" data-link=\"http:\/\/parafiadlugakoscielna.pl\/?attachment_id=159\" class=\"wp-image-159\" srcset=\"https:\/\/parafiadlugakoscielna.pl\/wp-content\/uploads\/2020\/11\/MG_7436-fot-Piotr-Rybicki-1024x682.jpg 1024w, https:\/\/parafiadlugakoscielna.pl\/wp-content\/uploads\/2020\/11\/MG_7436-fot-Piotr-Rybicki-300x200.jpg 300w, https:\/\/parafiadlugakoscielna.pl\/wp-content\/uploads\/2020\/11\/MG_7436-fot-Piotr-Rybicki-768x512.jpg 768w, https:\/\/parafiadlugakoscielna.pl\/wp-content\/uploads\/2020\/11\/MG_7436-fot-Piotr-Rybicki-1536x1024.jpg 1536w, https:\/\/parafiadlugakoscielna.pl\/wp-content\/uploads\/2020\/11\/MG_7436-fot-Piotr-Rybicki.jpg 1772w\" sizes=\"(max-width: 1024px) 100vw, 1024px\" \/><\/figure><\/li><li class=\"blocks-gallery-item\"><figure><img loading=\"lazy\" decoding=\"async\" width=\"1024\" height=\"682\" src=\"http:\/\/parafiadlugakoscielna.pl\/wp-content\/uploads\/2020\/11\/MG_7441-fot-Piotr-Rybicki-1024x682.jpg\" alt=\"\" data-id=\"160\" data-full-url=\"http:\/\/parafiadlugakoscielna.pl\/wp-content\/uploads\/2020\/11\/MG_7441-fot-Piotr-Rybicki.jpg\" data-link=\"http:\/\/parafiadlugakoscielna.pl\/?attachment_id=160\" class=\"wp-image-160\" srcset=\"https:\/\/parafiadlugakoscielna.pl\/wp-content\/uploads\/2020\/11\/MG_7441-fot-Piotr-Rybicki-1024x682.jpg 1024w, https:\/\/parafiadlugakoscielna.pl\/wp-content\/uploads\/2020\/11\/MG_7441-fot-Piotr-Rybicki-300x200.jpg 300w, https:\/\/parafiadlugakoscielna.pl\/wp-content\/uploads\/2020\/11\/MG_7441-fot-Piotr-Rybicki-768x512.jpg 768w, https:\/\/parafiadlugakoscielna.pl\/wp-content\/uploads\/2020\/11\/MG_7441-fot-Piotr-Rybicki-1536x1024.jpg 1536w, https:\/\/parafiadlugakoscielna.pl\/wp-content\/uploads\/2020\/11\/MG_7441-fot-Piotr-Rybicki.jpg 1772w\" sizes=\"(max-width: 1024px) 100vw, 1024px\" \/><\/figure><\/li><li class=\"blocks-gallery-item\"><figure><img loading=\"lazy\" decoding=\"async\" width=\"1024\" height=\"682\" src=\"http:\/\/parafiadlugakoscielna.pl\/wp-content\/uploads\/2020\/11\/MG_7443-fot-Piotr-Rybicki-1024x682.jpg\" alt=\"\" data-id=\"161\" data-full-url=\"http:\/\/parafiadlugakoscielna.pl\/wp-content\/uploads\/2020\/11\/MG_7443-fot-Piotr-Rybicki.jpg\" data-link=\"http:\/\/parafiadlugakoscielna.pl\/?attachment_id=161\" class=\"wp-image-161\" srcset=\"https:\/\/parafiadlugakoscielna.pl\/wp-content\/uploads\/2020\/11\/MG_7443-fot-Piotr-Rybicki-1024x682.jpg 1024w, https:\/\/parafiadlugakoscielna.pl\/wp-content\/uploads\/2020\/11\/MG_7443-fot-Piotr-Rybicki-300x200.jpg 300w, https:\/\/parafiadlugakoscielna.pl\/wp-content\/uploads\/2020\/11\/MG_7443-fot-Piotr-Rybicki-768x512.jpg 768w, https:\/\/parafiadlugakoscielna.pl\/wp-content\/uploads\/2020\/11\/MG_7443-fot-Piotr-Rybicki-1536x1024.jpg 1536w, https:\/\/parafiadlugakoscielna.pl\/wp-content\/uploads\/2020\/11\/MG_7443-fot-Piotr-Rybicki.jpg 1772w\" sizes=\"(max-width: 1024px) 100vw, 1024px\" \/><\/figure><\/li><\/ul><\/figure>\n","protected":false},"excerpt":{"rendered":"<p>20-27 wrze\u015bnia 2020 Drodzy Parafianie! W tym roku obchodzimy 575. rocznic\u0119 erygowania, czyli powstania, naszej Parafii.To pi\u0119kny Jubileusz, a przede wszystkim pow\u00f3d do wdzi\u0119czno\u015bci Panu<a href=\"https:\/\/parafiadlugakoscielna.pl\/?page_id=72\" class=\"more-link\">View More<\/a><\/p>\n","protected":false},"author":1,"featured_media":0,"parent":0,"menu_order":1,"comment_status":"closed","ping_status":"closed","template":"","meta":{"ngg_post_thumbnail":0,"footnotes":""},"class_list":["post-72","page","type-page","status-publish","hentry"],"_links":{"self":[{"href":"https:\/\/parafiadlugakoscielna.pl\/index.php?rest_route=\/wp\/v2\/pages\/72","targetHints":{"allow":["GET"]}}],"collection":[{"href":"https:\/\/parafiadlugakoscielna.pl\/index.php?rest_route=\/wp\/v2\/pages"}],"about":[{"href":"https:\/\/parafiadlugakoscielna.pl\/index.php?rest_route=\/wp\/v2\/types\/page"}],"author":[{"embeddable":true,"href":"https:\/\/parafiadlugakoscielna.pl\/index.php?rest_route=\/wp\/v2\/users\/1"}],"replies":[{"embeddable":true,"href":"https:\/\/parafiadlugakoscielna.pl\/index.php?rest_route=%2Fwp%2Fv2%2Fcomments&post=72"}],"version-history":[{"count":7,"href":"https:\/\/parafiadlugakoscielna.pl\/index.php?rest_route=\/wp\/v2\/pages\/72\/revisions"}],"predecessor-version":[{"id":164,"href":"https:\/\/parafiadlugakoscielna.pl\/index.php?rest_route=\/wp\/v2\/pages\/72\/revisions\/164"}],"wp:attachment":[{"href":"https:\/\/parafiadlugakoscielna.pl\/index.php?rest_route=%2Fwp%2Fv2%2Fmedia&parent=72"}],"curies":[{"name":"wp","href":"https:\/\/api.w.org\/{rel}","templated":true}]}}